{"id":148,"date":"2023-01-03T12:37:57","date_gmt":"2023-01-03T12:37:57","guid":{"rendered":"https:\/\/kinderarzt-dresden.de\/?page_id=148"},"modified":"2025-10-28T11:10:34","modified_gmt":"2025-10-28T11:10:34","slug":"leistungen","status":"publish","type":"page","link":"https:\/\/kinderarzt-dresden.de\/?page_id=148","title":{"rendered":"Leistungen"},"content":{"rendered":"\n<p class=\"has-small-font-size\"><strong>Die Praxis bietet das gesamte Leistungsspektrum der allgemeinen P\u00e4diatrie: <\/strong><br><br>&#8211; Behandlung akuter und chronischer Erkrankungen bei Kindern u. Jugendlichen bis 18 Jahre<br>&#8211; <a href=\"https:\/\/www.kinderaerzte-im-netz.de\/vorsorge\/\" target=\"_blank\" rel=\"noreferrer noopener\">Vorsorge-Untersuchungen<\/a> U2-U11 sowie J1 und J2 &#8211; <a href=\"https:\/\/kinderarzt-dresden.de\/?page_id=158\">Download<\/a> der Frageb\u00f6gen<br>&#8211; Berufstauglichkeitsuntersuchung (<a href=\"https:\/\/kinderarzt-dresden.de\/?page_id=158\">Download<\/a> der Formulare zum Ausf\u00fcllen)<br>&#8211; Impfberatung, alle im <a href=\"https:\/\/www.rki.de\/DE\/Content\/Kommissionen\/STIKO\/Empfehlungen\/Aktuelles\/Impfkalender.pdf?__blob=publicationFile\" target=\"_blank\" rel=\"noreferrer noopener\">Impfkalender<\/a> empfohlenen Impfungen, Reise-Impfungen nach Absprache<br>&#8211; RSV-Prophylaxe (Infomaterial zum <a href=\"https:\/\/kinderarzt-dresden.de\/?page_id=158\">Download<\/a>)<br>&#8211; \u00c4rztliche Atteste (z.B. f\u00fcr Ausland, Sport od. Theater &#8230;)<br>&#8211; P\u00e4diatrische Sonographie (H\u00fcft- u. Gehirnuntersuchung beim S\u00e4ugling, Bauch, Nieren, Schilddr\u00fcse)<br>&#8211; Diagnostik u. Therapie bei Asthma inkl. Lungenfunktionsuntersuchung in Ruhe sowie unter k\u00f6rperlicher Belastung<br>&#8211; Allergologische Testung, also Prick (=Haut)- und RAST(=im Blut)-Testung<br>&#8211; Therapie von Allergien durch <a href=\"http:\/\/www.daab.de\/allergien\/hyposensibilisierung\/\" target=\"_blank\" rel=\"noreferrer noopener\">Hyposensibilisierung<\/a><br>&#8211; Eine m\u00f6glichst fr\u00fchzeitige Erkennung von Sehst\u00f6rungen ist wichtig um eine rechtzeitige Therapie einleiten zu k\u00f6nnen. <br> Hierzu bieten wir ein apparatives Seh-Screening ab dem Alter von 6 Monaten (<a href=\"https:\/\/kinderarzt-dresden.de\/wp-content\/uploads\/2024\/01\/Vision-Screener-Flyer-quer.pdf\">Amblyopie-Screening<\/a>) an &#8211; einige gesetzliche <br> Krankenkassen \u00fcbernehmen die Kosten (bitte erkundigen Sie sich bei Ihrer Krankenkasse) &#8211; f\u00fcr Selbstzahler liegen die Kosten <br> bei 20,- \u20ac<br>&#8211; H\u00f6rtest u. Tympanometrie<\/p>\n","protected":false},"excerpt":{"rendered":"<p>Die Praxis bietet das gesamte Leistungsspektrum der allgemeinen P\u00e4diatrie: &#8211; Behandlung akuter und chronischer Erkrankungen bei Kindern u. Jugendlichen bis 18 Jahre&#8211; Vorsorge-Untersuchungen U2-U11 sowie J1 und J2 &#8211; Download &#8230;<\/p>\n","protected":false},"author":1,"featured_media":0,"parent":0,"menu_order":0,"comment_status":"closed","ping_status":"closed","template":"","meta":{"ngg_post_thumbnail":0,"footnotes":""},"class_list":["post-148","page","type-page","status-publish","hentry"],"_links":{"self":[{"href":"https:\/\/kinderarzt-dresden.de\/index.php?rest_route=\/wp\/v2\/pages\/148","targetHints":{"allow":["GET"]}}],"collection":[{"href":"https:\/\/kinderarzt-dresden.de\/index.php?rest_route=\/wp\/v2\/pages"}],"about":[{"href":"https:\/\/kinderarzt-dresden.de\/index.php?rest_route=\/wp\/v2\/types\/page"}],"author":[{"embeddable":true,"href":"https:\/\/kinderarzt-dresden.de\/index.php?rest_route=\/wp\/v2\/users\/1"}],"replies":[{"embeddable":true,"href":"https:\/\/kinderarzt-dresden.de\/index.php?rest_route=%2Fwp%2Fv2%2Fcomments&post=148"}],"version-history":[{"count":8,"href":"https:\/\/kinderarzt-dresden.de\/index.php?rest_route=\/wp\/v2\/pages\/148\/revisions"}],"predecessor-version":[{"id":452,"href":"https:\/\/kinderarzt-dresden.de\/index.php?rest_route=\/wp\/v2\/pages\/148\/revisions\/452"}],"wp:attachment":[{"href":"https:\/\/kinderarzt-dresden.de\/index.php?rest_route=%2Fwp%2Fv2%2Fmedia&parent=148"}],"curies":[{"name":"wp","href":"https:\/\/api.w.org\/{rel}","templated":true}]}}